4*(3 - 244/(-8)) is divided by 28?
22
Let n = 96 - 160. Calculate the remainder when (-8)/(-12) - n/3 is divided by 8.
6
Let g = 46 + -24. Suppose 3*i - 2*i = l - g, 5*l = -5*i + 60. What is the remainder when 65 is divided by l?
14
Suppose -25 = t - 6*t. Suppose -50 = -5*h - t. Calculate the remainder when 26 is divided by h.
8
Let f(g) = g**3 - g**2 + g + 5. What is the remainder when 8 is divided by f(0)?
3
Suppose 2*i - 210 = -2*l, -i - 2*i + 5*l + 275 = 0. What is the remainder when i is divided by 34?
32
Let o(n) = -3*n + 2. Let b be o(-1). Suppose b = h + 1. Calculate the remainder when 7 is divided by h.
3
Let v be 124/(-44) + (-6)/33. Calculate the remainder when 84 is divided by (-45)/v + (-6)/(-3).
16
Suppose 4*b = 559 - 119. What is the remainder when b is divided by 29?
23
Let s be (-2)/1 - (5 - 16). What is the remainder when -10*s*(-6)/15 is divided by 13?
10
Suppose 0*t - 10 = -5*t. Suppose o + 3*l - 22 = 6, 2*o + t*l = 60. What is the remainder when o is divided by 11?
9
Suppose 3*f + 2*f + p = 87, 33 = 2*f + p. Suppose -57 = -3*i - f. What is the remainder when 38 is divided by i?
12
Let h = -9 + 6. Let b = 24 + h. Calculate the remainder when b is divided by 11.
10
Let u = -28 - -32. Calculate the remainder when 8 is divided by u.
0
Let v = 22 - 8. What is the remainder when 26 is divided by v?
12
Suppose -2*k - 50 = -7*k. Calculate the remainder when (-99)/(-231) + (-256)/(-7) is divided by k.
7
Let x(i) = i**2 + 3 - i - 8 + 0. Let b be x(-4). Suppose -5*g = -4*k - 35, g + 3*k - 3 + b = 0. Calculate the remainder when 7 is divided by g.
1
Let u(b) = 2*b**3 + 3*b**2 - b + 14. Calculate the remainder when 55 is divided by u(0).
13
Let p be (8/16)/(1/6). Suppose 3 = -y - p*l, -l - 4*l + 25 = 5*y. What is the remainder when 35 is divided by y?
8
Let s(h) = h**2 - 4*h + 5. Let q be s(8). Suppose q = 14*l - 13*l. Calculate the remainder when l is divided by 10.
7
Suppose -2*q + 7 = f, -2*f = 3*q - 3*f - 3. Suppose m - 42 = -q*m. Calculate the remainder when 41 is divided by m.
13
Let t be (2 - 1)*(4 + 0). Suppose 0*o - t = o. Let c = 5 - o. Calculate the remainder when 26 is divided by c.
8
Let i = -10 + 52. Calculate the remainder when i is divided by 23.
19
Suppose 2*l = 2*s, s - 10 = 3*s. Let q = -72 + l. Let o = -20 - q. Calculate the remainder when o is divided by 15.
12
Suppose -5*i = -5*f - 2 + 42, -3*i + 4*f - 25 = 0. Let n = -4 - i. What is the remainder when 5 is divided by n?
2
Suppose -4*c - 3*o = -41, -5*c = -8*o + 3*o - 95. Suppose 0 = -r + 5*r + 16, -m + 2*r = -48. Calculate the remainder when m is divided by c.
12
Let j be (-1)/(-5) + 57/15. Let b(t) = 5*t**2 - 2. Let w be b(-2). Suppose -w = -j*f + 6. Calculate the remainder when 17 is divided by f.
5
Suppose -3*s + 159 = -5*a, 4*a + 16 = 4. What is the remainder when s is divided by 17?
14
Suppose 0 = 2*d - z - 133, -3*z = 4*d - 8*z - 251. What is the remainder when d is divided by 36?
33
Suppose 22 - 27 = -a. Calculate the remainder when a is divided by 2.
1
Let x(r) = -r**2 + r + 2. Let v be x(2). Suppose v = -n - 2*n + 30. What is the remainder when 19 is divided by n?
9
Suppose 18*f = 17*f. Suppose -m - 7 + 17 = f. What is the remainder when 49 is divided by m?
9
Let q = -3 - 0. Let p = 7 + q. What is the remainder when p is divided by -2 - (-23)/5 - 6/10?
0
Let k = 2 - -11. What is the remainder when 75 is divided by k?
10
Let x = 36 - 9. Calculate the remainder when x is divided by 10.
7
Suppose -4*r - 4*t = t - 149, 0 = 2*r + 2*t - 72. Calculate the remainder when r is divided by 12.
7
Suppose 3*t = 48 + 159. Let u = t - 34. Calculate the remainder when u is divided by 18.
17
Let b(p) = -5*p + 6*p + 2*p + 6. Let l be b(-4). What is the remainder when (58/l)/(1/(-3)) is divided by 15?
14
Let p(n) = -n**2 - 11*n - 13. Let u be p(-9). Suppose u*r - 2*r = 51. Calculate the remainder when r is divided by 9.
8
Suppose -h = -5*x + 34 + 44, -5*h - 15 = 0. What is the remainder when 103 is divided by x?
13
Let g be 0/(2*(-2 - -1)). Suppose -5*w + m = -87, g*m = -4*m + 12. Let o(c) = -c**2 - 18*c - 4. Calculate the remainder when o(-14) is divided by w.
16
Let u be (-2*1 - -1) + -1. Let t = 51 - 80. Calculate the remainder when (t/u)/(5/10) is divided by 10.
9
Let h = -9 + 11. Suppose -4*c = -3*x, 5 + 6 = c + 2*x. Let i(q) = q**3 - 4*q**2 + 5*q - 4. Calculate the remainder when h is divided by i(c).
0
Suppose t + 3*t = 56. Calculate the remainder when t is divided by (-1 - -3)*(-5)/(-2).
4
Let g = -6 + 46. Let f = 9 + g. Calculate the remainder when f is divided by 26.
23
Let n = -23 - -25. Let v(l) = l**2 + 6*l + 7. What is the remainder when n is divided by v(-5)?
0
Suppose -4 - 2 = -2*z. Suppose z*g + 17 = 65. Calculate the remainder when 30 is divided by g.
14
Suppose -2*i - i - 33 = -2*a, 5*i = -5. Let r = 4 - -1. Suppose -a = r*v - 60. What is the remainder when v is divided by 5?
4
Let l(o) = -o**3 + o**2 + 2*o - 2. Suppose 7 = 4*k + 4*f - 1, 2*f = 3*k - 6. Let a be l(k). What is the remainder when (1/a)/((-2)/64) is divided by 9?
7
Let s = 126 - 58. Let x = -41 + s. Suppose 3*p - 2*z - x = 0, -4*z - 15 = z. Calculate the remainder when p is divided by 5.
2
Suppose 6 = -0*f + 2*f. Suppose -2*v - f*t + 3 - 13 = 0, -v + 4*t = -17. What is the remainder when 2 is divided by v?
0
Let a = 172 + -96. Calculate the remainder when a is divided by 39.
37
Let b be 4/14 + (-26)/(-7). Suppose v + b = -3*q + 17, -3*q + 17 = 2*v. Suppose 0*t - 9 = -3*t. What is the remainder when v is divided by t?
1
Suppose 428 = 9*r + 95. What is the remainder when 219 is divided by r?
34
Let p = -21 - -15. Calculate the remainder when 16 is divided by 1 + (-16)/(p/3).
7
Suppose 0 = -5*y + 2*i + 23, 4*y + 2*i = -3 + 7. Suppose -y*u - u + 40 = 0. What is the remainder when 38 is divided by u?
8
Let f = -47 - -132. Calculate the remainder when f is divided by 18.
13
Let k(n) be the second derivative of 5/2*n**2 + 0 + 2*n + 1/3*n**3. What is the remainder when k(7) is divided by 7?
5
Suppose 8*g + 12 = 4*g - 2*n, -5*n = 0. Let v(w) = -w**3 - 4*w**2 + 3*w + 2. Calculate the remainder when 1*(42 - g)/1 is divided by v(-5).
9
Calculate the remainder when 338/5 - 4*2/(-20) is divided by 19.
11
Let k(m) = m**3 + 7*m**2 + 9*m + 8. Let t be k(-6). Suppose d = 3*d - 14. What is the remainder when ((-36)/t)/(9/30) is divided by d?
5
Let x(s) = s**3 + 4*s**2 - s + 1. Suppose -8*z + 255 = -3*z. Calculate the remainder when z is divided by x(-3).
12
Let a be 10 + 2*4/(-8). Suppose -5*s - 2*k - 7 + 19 = 0, 4*s - a = -k. Calculate the remainder when 5 is divided by s.
1
Let j(g) = 2*g - 14. What is the remainder when j(16) is divided by 5?
3
Let a = -16 - -28. What is the remainder when 5*9 + 2 + -2 is divided by a?
9
Let f = 8 + 4. Suppose 2*s - f = -2*s - 5*y, 0 = -y. What is the remainder when 4 is divided by s?
1
Suppose -4*z + 150 = z. Let l = -18 + z. Calculate the remainder when 47 is divided by l.
11
Suppose 6*o - 30 = 4*o + 2*d, 0 = -3*o + 2*d + 46. What is the remainder when o is divided by 11?
5
Let j(n) = 14*n - 13. Let b(q) be the second derivative of q**4/6 - q**3/6 + q**2/2 + q. Calculate the remainder when j(4) is divided by b(-3).
21
Suppose 5*v = p + 143, -2*v + 4*p - 5*p + 53 = 0. Let d = -73 + v. Let a = d - -76. What is the remainder when a is divided by 11?
9
Let l(z) = -25*z**3 + 2*z**2 + 2*z + 1. Calculate the remainder when l(-1) is divided by (-1)/(3/9) + 10.
5
Suppose -m + 4*m - 5*g = 64, -3*m = -2*g - 58. Let b = 33 - m. What is the remainder when 59 is divided by b?
14
Suppose -3*d - 1 = -2*d. Let u = d - -10. Calculate the remainder when 16 is divided by u.
7
Suppose 5*x + 3*s - 102 = 193, -4*s + 20 = 0. Calculate the remainder when 167 is divided by x.
55
What is the remainder when 32 is divided by (-1)/(-4) - (-94)/8?
8
Let b(t) = t + 20. Suppose 3*x + 307 = 5*c, 0 = -c - x + 7 + 48. Calculate the remainder when c is divided by b(0).
19
Suppose -4*p - 4*r = 104, 8*p - 3*p + 4*r = -128. Let f be ((-6)/(-4))/((-2)/p). What is the remainder when f - 1 - (2 + -2) is divided by 6?
5
Let d(q) = -2*q**3 - q**2 + 3*q + 3. What is the remainder when d(-2) is divided by 3 - (-2 + 2 + -1)?
1
Suppose -2*m + 4*u + 13 - 5 = 0, 0 = -4*m - 3*u + 38. Suppose 2*t - t - m = 0. What is 